?
True
Is 1185 a factor of 1787267222?
False
Is 24 a factor of 688588824?
True
Does 446 divide 787802230?
False
Is 2089995345 a multiple of 8265?
True
Is 44 a factor of 79431176?
True
Is 15353795 a multiple of 5?
True
Is 930 a factor of 141032640?
True
Is 77647782 a multiple of 33?
False
Does 8 divide 4769517?
False
Does 1168 divide 19485744?
True
Does 1172 divide 256570759?
False
Is 456634748 a multiple of 236?
True
Is 100 a factor of 708395288?
False
Does 405 divide 32727852?
False
Is 61593787 a multiple of 116?
False
Does 3 divide 62808729?
True
Does 62 divide 88280915?
False
Is 38233653 a multiple of 151?
True
Is 26 a factor of 9951240?
True
Is 8371991 a multiple of 2912?
False
Does 133 divide 1768651890?
False
Does 14 divide 16208471?
False
Does 1667 divide 167565173?
True
Is 852599020 a multiple of 52?
True
Does 65 divide 5034037385?
True
Is 90917700 a multiple of 60?
True
Is 38976791 a multiple of 33?
False
Does 2147 divide 1025478051?
True
Is 29144574 a multiple of 1773?
True
Does 2005 divide 820463416?
False
Is 545 a factor of 69385585?
True
Does 7 divide 532502448?
False
Does 13 divide 29006302?
True
Is 76 a factor of 1250994734?
False
Does 3 divide 3895146?
True
Is 861940170 a multiple of 135?
True
Does 114 divide 46101465?
False
Does 14 divide 6221110?
True
Is 178709141 a multiple of 5?
False
Is 15922827 a multiple of 8?
False
Does 7 divide 6588858?
False
Is 945000522 a multiple of 3009?
True
Is 4198151376 a multiple of 27?
True
Is 88 a factor of 67728232?
True
Is 977 a factor of 3485042060?
False
Is 7 a factor of 32978?
False
Does 638 divide 4902724?
False
Is 450 a factor of 650905650?
True
Does 20 divide 666473?
False
Does 337 divide 207178788?
False
Is 10647328 a multiple of 4?
True
Is 13407763 a multiple of 109?
True
Is 124322039 a multiple of 588?
False
Is 461 a factor of 59112522?
False
Is 3 a factor of 85679120?
False
Is 27 a factor of 56726872?
False
Does 5 divide 1142186332?
False
Is 8210900133 a multiple of 5579?
False
Is 2312732532 a multiple of 2554?
False
Is 1659 a factor of 142742794?
False
Does 105 divide 12489015?
True
Does 9 divide 460816299?
True
Is 69 a factor of 5861731?
False
Is 34 a factor of 644791470?
True
Is 777 a factor of 10071474?
True
Does 63 divide 206062290?
True
Is 374429 a multiple of 6?
False
Is 273306980 a multiple of 604?
True
Is 7047688032 a multiple of 352?
True
Does 142 divide 666315546?
True
Is 1944272463 a multiple of 1293?
True
Is 1258 a factor of 87381074?
False
Is 408452880 a multiple of 66?
True
Is 14621377 a multiple of 48?
False
Does 257 divide 111526178?
True
Is 52706948 a multiple of 14?
True
Does 413 divide 287797811?
True
Is 253998042 a multiple of 114?
True
Is 94193295 a multiple of 35?
True
Does 265 divide 916224196?
False
Is 23796345 a multiple of 2?
False
Does 84 divide 17513788?
False
Does 11 divide 132918047?
False
Is 19 a factor of 1361239857?
True
Does 109 divide 392914614?
False
Is 49020985 a multiple of 16?
False
Does 17 divide 18179688?
False
Is 161478873 a multiple of 2283?
True
Is 641 a factor of 3310243867?
True
Does 3 divide 7218144?
True
Is 8255280 a multiple of 530?
True
Does 3280 divide 78015593?
False
Is 192127968 a multiple of 246?
True
Is 411 a factor of 9953934?
False
Is 91 a factor of 91616514?
False
Is 2 a factor of 33455173?
False
Is 76051491 a multiple of 2?
False
Is 1686489 a multiple of 21?
True
Is 16338042 a multiple of 2667?
True
Is 927 a factor of 86346905?
False
Is 1487046663 a multiple of 1839?
True
Does 1754 divide 297501949?
False
Is 26 a factor of 203798816?
True
Does 913 divide 998651269?
True
Does 84 divide 2056389582?
False
Is 199238610 a multiple of 10?
True
Does 7 divide 74447744?
True
Does 42 divide 494681838?
True
Does 29 divide 16771737?
False
Is 38 a factor of 105945202?
False
Does 92 divide 55906008?
True
Is 4694121 a multiple of 19?
True
Does 20 divide 1152520?
True
Does 11 divide 489558086?
False
Is 4688 a factor of 786317632?
False
Is 55774548 a multiple of 100?
False
Is 137724136 a multiple of 3212?
True
Does 254 divide 8757738?
False
Is 39 a factor of 14334326?
False
Is 1393089084 a multiple of 1059?
True
Is 29234912 a multiple of 56?
True
Is 26 a factor of 7605754?
True
Is 321 a factor of 219267717?
True
Does 16 divide 618727161?
False
Is 46864825 a multiple of 3997?
True
Is 657 a factor of 138027854?
False
Is 1367207018 a multiple of 3837?
False
Is 428 a factor of 79027204?
True
Is 1102 a factor of 10796294?
True
Is 59 a factor of 25946603?
False
Is 123577004 a multiple of 13?
False
Does 21 divide 17069703?
True
Is 454051198 a multiple of 74?
True
Is 2907 a factor of 6024185057?
False
Is 12 a factor of 25794888?
True
Is 366 a factor of 36697890?
False
Is 1912 a factor of 42586311?
False
Is 1996602400 a multiple of 359?
False
Does 44 divide 174584828?
True
Does 126 divide 916121218?
False
Is 1875 a factor of 264802441?
False
Is 26 a factor of 21207151?
False
Is 496 a factor of 2418158025?
False
Is 17704623 a multiple of 22?
False
Does 106 divide 444982382?
True
Is 26924969 a multiple of 12?
False
Does 329 divide 20391091?
True
Does 10 divide 1140875190?
True
Does 17 divide 41167927?
False
Does 39 divide 9982284?
True
Is 335607304 a multiple of 41?
True
Is 624869516 a multiple of 6?
False
Is 10 a factor of 15357228?
False
Is 460053 a multiple of 2?
False
Does 77 divide 206049690?
True
Is 564891648 a multiple of 256?
True
Does 29 divide 77885765?
False
Is 842549708 a multiple of 13?
True
Is 516 a factor of 376206397?
False
Is 10504373 a multiple of 250?
False
Is 521851366 a multiple of 23?
False
Does 3141 divide 811003059?
True
Does 28 divide 5432812?
True
Is 1325 a factor of 1334755975?
True
Is 155 a factor of 60420860?
True
Is 246243712 a multiple of 572?
True
Does 218 divide 1064919977?
False
Is 26359975 a multiple of 5?
True
Does 207 divide 3263049?
False
Is 21 a factor of 19764860?
False
Is 708543646 a multiple of 1677?
False
Is 23 a factor of 80595795?
True
Is 18959724 a multiple of 16?
False
Does 2 divide 4844548?
True
Is 333273276 a multiple of 804?
True
Does 289 divide 19494265?
False
Does 182 divide 1207064040?
True
Is 13 a factor of 35434812?
False
Does 126 divide 63447930?
True
Is 683 a factor of 13925004?
True
Is 60 a factor of 12277320?
True
Is 42 a factor of 61621224?
True
Is 2691715421 a multiple of 272?
False
Is 28464510 a multiple of 30?
True
Is 17 a factor of 2012692916?
False
Is 2042913089 a multiple of 12?
False
Is 56450637 a multiple of 9?
True
Is 98 a factor of 6198794?
True
Does 3248 divide 726754266?
False
Is 20 a factor of 26248760?
True
Is 9 a factor of 4108549691?
False
Is 55766352 a multiple of 232?
False
Is 113686543 a multiple of 284?
False
Is 373137632 a multiple of 202?
True
Is 2334562 a multiple of 197?
False
Is 657 a factor of 2007918665?
False
Is 27 a factor of 2842614?
True
Is 5526680 a multiple of 310?
True
Is 2225789 a multiple of 201?
False
Is 2 a factor of 9341732?
True
Is 66 a factor of 4591797043?
False
Is 138603536 a multiple of 1499?
True
Does 124 divide 2849098?
False
Is 517 a factor of 170999301?
True
Does 809 divide 718400899?
True
Is 11538006 a multiple of 7?
False
Does 64 divide 91793664?
True
Does 1790 divide 23193030?
True
Does 1181 divide 247464378?
True
Is 20693332 a multiple of 100?
False
Is 905757292 a multiple of 24?
False
Is 42 a factor of 1497744948?
True
Does 14 divide 75777618?
True
Is 145195957 a multiple of 286?
False
Is 64 a factor of 3283255592?
False
Is 390 a factor of 2910960?
True
Does 49 divide 1472960315?
False
Is 45604328 a multiple of 1414?
True
Does 1250 divide 739752500?
True
Is 30119056 a multiple of 20?
False
Is 1028 a factor of 396782?
False
Is 451 a factor of 102115875?
False
Is 264 a factor of 452949024?
True
Is 111465072 a multiple of 16?
True
Is 33 a factor of 23802666?
False
Does 15 divide 207010401?
False
Does 809 divide 89862644?
False
Is 1824733819 a multiple of 2467?
True
Is 1907 a factor of 4020604380?
True
Does 10 divide 717953983?
False
Is 100 a factor of 3818200?
True
Is 1342 a factor of 394806246?
False
Does 8 divide 106570073?
False
Does 228 divide 63243552?
True
Does 157 divide 23654029?
False
Is 2 a factor of 710315?
False
Does 352 divide 3679923104?
True
Is 982356 a multiple of 13?
False
Is 22 a factor of 607751594?
False
Is 59 a fact